{"id":564,"date":"2011-01-31T09:54:06","date_gmt":"2011-01-31T09:54:06","guid":{"rendered":"http:\/\/www.hedefmusavirlik.com\/?page_id=564"},"modified":"2014-01-02T10:45:05","modified_gmt":"2014-01-02T10:45:05","slug":"sirkuler-2010","status":"publish","type":"page","link":"http:\/\/www.hedefmusavirlik.com\/?page_id=564","title":{"rendered":"Sirk\u00fcler 2010"},"content":{"rendered":"<p style=\"text-align: center;\"><strong>2010 YILI<\/strong><\/p>\n<ul>\n<li><a href=\"http:\/\/www.hedefmusavirlik.com\/wp-content\/uploads\/2011\/01\/s\u0131rkuler-2010-8.pdf\"><span style=\"font-size: x-small;\"><span style=\"font-size: small;\">6009 SAYILI KANUNLA VERG\u0130 MEVZUATINDA YAPILAN<br \/>\nSON DE\u011e\u0130\u015e\u0130KL\u0130KLER<\/span><\/span><\/a><\/li>\n<li><a href=\"http:\/\/www.hedefmusavirlik.com\/wp-content\/uploads\/2011\/01\/S\u0130RK\u00dcLER-2010-121.pdf\"><strong>S\u0130RK\u00dcLER = 2010 \/ 12 <\/strong><strong> <\/strong>( 2011 y\u0131l\u0131nda uygulanacak hadler)<\/a><\/li>\n<\/ul>\n","protected":false},"excerpt":{"rendered":"<p>2010 YILI 6009 SAYILI KANUNLA VERG\u0130 MEVZUATINDA YAPILAN SON DE\u011e\u0130\u015e\u0130KL\u0130KLER S\u0130RK\u00dcLER = 2010 \/ 12 ( 2011 y\u0131l\u0131nda uygulanacak hadler)<\/p>\n","protected":false},"author":1,"featured_media":0,"parent":559,"menu_order":0,"comment_status":"closed","ping_status":"closed","template":"","meta":{"footnotes":""},"class_list":["post-564","page","type-page","status-publish","hentry"],"_links":{"self":[{"href":"http:\/\/www.hedefmusavirlik.com\/index.php?rest_route=\/wp\/v2\/pages\/564","targetHints":{"allow":["GET"]}}],"collection":[{"href":"http:\/\/www.hedefmusavirlik.com\/index.php?rest_route=\/wp\/v2\/pages"}],"about":[{"href":"http:\/\/www.hedefmusavirlik.com\/index.php?rest_route=\/wp\/v2\/types\/page"}],"author":[{"embeddable":true,"href":"http:\/\/www.hedefmusavirlik.com\/index.php?rest_route=\/wp\/v2\/users\/1"}],"replies":[{"embeddable":true,"href":"http:\/\/www.hedefmusavirlik.com\/index.php?rest_route=%2Fwp%2Fv2%2Fcomments&post=564"}],"version-history":[{"count":9,"href":"http:\/\/www.hedefmusavirlik.com\/index.php?rest_route=\/wp\/v2\/pages\/564\/revisions"}],"predecessor-version":[{"id":2974,"href":"http:\/\/www.hedefmusavirlik.com\/index.php?rest_route=\/wp\/v2\/pages\/564\/revisions\/2974"}],"up":[{"embeddable":true,"href":"http:\/\/www.hedefmusavirlik.com\/index.php?rest_route=\/wp\/v2\/pages\/559"}],"wp:attachment":[{"href":"http:\/\/www.hedefmusavirlik.com\/index.php?rest_route=%2Fwp%2Fv2%2Fmedia&parent=564"}],"curies":[{"name":"wp","href":"https:\/\/api.w.org\/{rel}","templated":true}]}}