{"id":50,"date":"2011-01-26T09:41:57","date_gmt":"2011-01-26T09:41:57","guid":{"rendered":"http:\/\/www.hedefmusavirlik.com\/?page_id=50"},"modified":"2011-01-26T09:41:57","modified_gmt":"2011-01-26T09:41:57","slug":"prim-tarifesi-ssk","status":"publish","type":"page","link":"http:\/\/www.hedefmusavirlik.com\/?page_id=50","title":{"rendered":"Prim Tarifesi SSK"},"content":{"rendered":"<p>29 Eyl\u00fcl 2008 Tarihli Resmi Gazete<\/p>\n<p>Say\u0131: 27012 <strong>(2. M\u00fckerrer)<\/strong><\/p>\n<p><strong>Karar  Say\u0131s\u0131 : 2008\/14173<\/strong><\/p>\n<p>Ekli \u201cK\u0131sa Vadeli Sigorta Kollar\u0131 Prim Tarifesi\u201dnin  y\u00fcr\u00fcrl\u00fc\u011fe konulmas\u0131; \u00c7al\u0131\u015fma ve Sosyal G\u00fcvenlik Bakanl\u0131\u011f\u0131n\u0131n 22\/9\/2008 tarihli  ve 848 say\u0131l\u0131 yaz\u0131s\u0131 \u00fczerine, 5510 say\u0131l\u0131 Sosyal Sigortalar ve Genel Sa\u011fl\u0131k  Sigortas\u0131 Kanununun 83 \u00fcnc\u00fc maddesine g\u00f6re, Bakanlar Kurulu\u2019nca 22\/9\/2008  tarihinde kararla\u015ft\u0131r\u0131lm\u0131\u015ft\u0131r.<\/p>\n<p><strong>Abdullah G\u00dcL<\/strong><\/p>\n<p>CUMHURBA\u015eKANI<\/p>\n<p><a href=\"kisa_vadeli_sigorta_kollari_prim_tarifesi.rar\"><strong><span style=\"text-decoration: underline;\">PR\u0130M TAR\u0130FES\u0130 \u0130\u00c7\u0130N  TIKLAYINIZ<\/span><\/strong><\/a><\/p>\n","protected":false},"excerpt":{"rendered":"<p>29 Eyl\u00fcl 2008 Tarihli Resmi Gazete Say\u0131: 27012 (2. M\u00fckerrer) Karar Say\u0131s\u0131 : 2008\/14173 Ekli \u201cK\u0131sa Vadeli Sigorta Kollar\u0131 Prim Tarifesi\u201dnin y\u00fcr\u00fcrl\u00fc\u011fe konulmas\u0131; \u00c7al\u0131\u015fma ve Sosyal G\u00fcvenlik Bakanl\u0131\u011f\u0131n\u0131n 22\/9\/2008 tarihli ve 848 say\u0131l\u0131 yaz\u0131s\u0131 \u00fczerine, 5510 say\u0131l\u0131 Sosyal Sigortalar ve Genel Sa\u011fl\u0131k Sigortas\u0131 Kanununun 83 \u00fcnc\u00fc maddesine g\u00f6re, Bakanlar Kurulu\u2019nca 22\/9\/2008 tarihinde kararla\u015ft\u0131r\u0131lm\u0131\u015ft\u0131r. Abdullah G\u00dcL [&hellip;]<\/p>\n","protected":false},"author":1,"featured_media":0,"parent":0,"menu_order":0,"comment_status":"closed","ping_status":"closed","template":"","meta":{"footnotes":""},"class_list":["post-50","page","type-page","status-publish","hentry"],"_links":{"self":[{"href":"http:\/\/www.hedefmusavirlik.com\/index.php?rest_route=\/wp\/v2\/pages\/50","targetHints":{"allow":["GET"]}}],"collection":[{"href":"http:\/\/www.hedefmusavirlik.com\/index.php?rest_route=\/wp\/v2\/pages"}],"about":[{"href":"http:\/\/www.hedefmusavirlik.com\/index.php?rest_route=\/wp\/v2\/types\/page"}],"author":[{"embeddable":true,"href":"http:\/\/www.hedefmusavirlik.com\/index.php?rest_route=\/wp\/v2\/users\/1"}],"replies":[{"embeddable":true,"href":"http:\/\/www.hedefmusavirlik.com\/index.php?rest_route=%2Fwp%2Fv2%2Fcomments&post=50"}],"version-history":[{"count":1,"href":"http:\/\/www.hedefmusavirlik.com\/index.php?rest_route=\/wp\/v2\/pages\/50\/revisions"}],"predecessor-version":[{"id":51,"href":"http:\/\/www.hedefmusavirlik.com\/index.php?rest_route=\/wp\/v2\/pages\/50\/revisions\/51"}],"wp:attachment":[{"href":"http:\/\/www.hedefmusavirlik.com\/index.php?rest_route=%2Fwp%2Fv2%2Fmedia&parent=50"}],"curies":[{"name":"wp","href":"https:\/\/api.w.org\/{rel}","templated":true}]}}